 497167247.
43, 1873, 6173
What are the prime factors of 172482286?
2, 271, 318233
What are the prime factors of 1168689587?
13, 479, 14437
List the prime factors of 304022258.
2, 479, 317351
What are the prime factors of 2840302?
2, 1420151
What are the prime factors of 4114251157?
4114251157
What are the prime factors of 452787693?
3, 150929231
What are the prime factors of 3912245969?
3912245969
List the prime factors of 2919944206.
2, 19, 191, 402307
What are the prime factors of 4876035402?
2, 3, 7, 4259, 27259
What are the prime factors of 3558993324?
2, 3, 10133, 29269
List the prime factors of 67864310.
2, 5, 281, 24151
List the prime factors of 348539738.
2, 174269869
What are the prime factors of 35048275?
5, 613, 2287
List the prime factors of 1627927.
7, 33223
List the prime factors of 487222121.
43, 11330747
What are the prime factors of 39979821?
3, 7, 1903801
List the prime factors of 58862842.
2, 23, 1279627
List the prime factors of 628331179.
7, 43, 59, 35381
What are the prime factors of 1313062428?
2, 3, 9539, 11471
What are the prime factors of 490660999?
19309, 25411
What are the prime factors of 122064570?
2, 3, 5, 150697
List the prime factors of 185806646.
2, 92903323
What are the prime factors of 127069841?
79, 1608479
List the prime factors of 19738923.
3, 71, 92671
List the prime factors of 146052086.
2, 41, 503, 3541
List the prime factors of 314924304.
2, 3, 53, 123791
List the prime factors of 2309992639.
103, 751, 29863
What are the prime factors of 176930592?
2, 3, 1843027
What are the prime factors of 28211298?
2, 3, 4701883
List the prime factors of 47781191.
83, 575677
What are the prime factors of 336902177?
336902177
What are the prime factors of 303947740?
2, 5, 15197387
What are the prime factors of 460666411?
47, 9801413
What are the prime factors of 250585604?
2, 19, 41, 137, 587
What are the prime factors of 29914492?
2, 17, 439919
What are the prime factors of 197806122?
2, 3, 10989229
List the prime factors of 32691496.
2, 107, 181, 211
What are the prime factors of 343918787?
47, 883, 8287
List the prime factors of 182709795.
3, 5, 17, 19, 43, 877
What are the prime factors of 360635039?
29, 97, 128203
List the prime factors of 75657414.
2, 3, 7, 103, 17489
List the prime factors of 46551800.
2, 5, 43, 5413
List the prime factors of 7271933476.
2, 43, 53, 797711
What are the prime factors of 102983593?
102983593
List the prime factors of 1661022590.
2, 5, 166102259
What are the prime factors of 43227366?
2, 3, 7, 13, 41, 1931
List the prime factors of 868306539.
3, 289435513
List the prime factors of 2143296020.
2, 5, 443, 241907
What are the prime factors of 170035790?
2, 5, 389, 43711
List the prime factors of 41900180.
2, 5, 7, 299287
What are the prime factors of 171008882?
2, 11, 17, 29, 15767
List the prime factors of 2781467698.
2, 1390733849
What are the prime factors of 36471486?
2, 3, 6078581
List the prime factors of 56865651.
3, 19, 43, 23201
List the prime factors of 194314854.
2, 3, 53, 167, 3659
List the prime factors of 1059369618.
2, 3, 53, 79, 42169
List the prime factors of 2553594694.
2, 7, 47, 59, 65777
What are the prime factors of 80304851?
11, 7300441
List the prime factors of 949988838.
2, 3, 37, 4279229
List the prime factors of 860645571.
3, 286881857
List the prime factors of 593178717.
3, 23, 8596793
What are the prime factors of 99976955?
5, 13, 19, 80953
List the prime factors of 2741154394.
2, 11, 124597927
List the prime factors of 1749421199.
4397, 397867
What are the prime factors of 611565868?
2, 157, 673, 1447
What are the prime factors of 494609454?
2, 3, 1811, 15173
List the prime factors of 84765074.
2, 23, 1842719
What are the prime factors of 97665698?
2, 13, 3756373
What are the prime factors of 25863428?
2, 631, 10247
What are the prime factors of 28871564?
2, 19, 379889
List the prime factors of 201127725.
3, 5, 297967
List the prime factors of 163750604.
2, 37, 1106423
What are the prime factors of 5213958441?
3, 349, 4979903
What are the prime factors of 33512502?
2, 3, 547, 10211
List the prime factors of 2320597699.
7, 17, 19, 1026359
List the prime factors of 11422380.
2, 3, 5, 127, 1499
List the prime factors of 225219934.
2, 2011, 55997
What are the prime factors of 545061703?
545061703
What are the prime factors of 916895777?
7, 1021, 128291
What are the prime factors of 847461839?
7, 769, 157433
List the prime factors of 83491488.
2, 3, 17, 17053
What are the prime factors of 679265567?
15823, 42929
What are the prime factors of 294075274?
2, 19, 7738823
What are the prime factors of 76880352?
2, 3, 23, 34819
What are the prime factors of 769708631?
59, 13045909
What are the prime factors of 966393693?
3, 701, 51059
What are the prime factors of 2148994785?
3, 5, 7, 20466617
List the prime factors of 52813434.
2, 3, 61, 144299
List the prime factors of 831925514.
2, 7, 173, 389, 883
List the prime factors of 795947381.
89, 8943229
What are the prime factors of 495229791?
3, 7, 23582371
What are the prime factors of 29864607?
3, 79, 126011
What are the prime factors of 50390893?
7, 29, 248231
List the prime factors of 14337157.
79, 127, 1429
What are the prime factors of 3638805398?
2, 1819402699
List the prime factors of 133463153.
31, 79, 54497
List the prime factors of 15377013.
3, 251, 2269
What are the prime factors of 101337903?
3, 11259767
What are the prime factors of 318632605?
5, 1327, 48023
List the prime factors of 68064750.
2, 3, 5, 13, 179
What are the prime factors of 154207670?
2, 5, 191, 80737
List the prime factors of 4571800130.
2, 5, 199, 2297387
What are the prime factors of 3302504?
2, 19, 21727
List the prime factors of 76217694.
2, 3, 7, 73, 24859
What are the prime factors of 634967333?
7, 11, 13, 90619
What are the prime factors of 156830383?
37, 1303, 3253
List the prime factors of 405855940.
2, 5, 7, 379, 7649
What are the prime factors of 286809874?
2, 13, 571, 19319
List the prime factors of 375723688.
2, 5651, 8311
What are the prime factors of 1159805363?
1159805363
What are the prime factors of 521082231?
3, 173694077
List the prime factors of 189270743.
189270743
List the prime factors of 13315656.
2, 3, 19, 29201
What are the prime factors of 1755208106?
2, 19, 137, 233, 1447
List the prime factors of 69740923.
7, 2083, 4783
What are the prime factors of 36294920?
2, 5, 23, 39451
What are the prime factors of 78506990?
2, 5, 131, 59929
List the prime factors of 919874548.
2, 29, 7929953
What are the prime factors of 44032772?
2, 7, 31, 7247
List the prime factors of 747444437.
37, 1151, 17551
List the prime factors of 36265383.
3, 7, 11, 43, 1217
List the prime factors of 51656428.
2, 12914107
What are the prime factors of 457039535?
5, 137, 667211
What are the prime factors of 110592658?
2, 11, 199, 25261
List the prime factors of 1806072833.
1806072833
List the prime factors of 1293030125.
5, 139, 74419
What are the prime factors of 563189294?
2, 17, 16564391
What are the prime factors of 664579566?
2, 3, 7, 67, 8747
What are the prime factors of 154075052?
2, 337, 114299
What are the prime factors of 73903542?
2, 3, 29, 349, 1217
What are the prime factors of 832194075?
3, 5, 53, 209357
What are the prime factors of 339860128?
2, 127, 241, 347
List the prime factors of 153153156.
2, 3, 13, 67, 14653
List the prime factors of 149958006.
2, 3, 11, 113, 20107
What are the prime factors of 1216053335?
5, 7, 83, 8543
What are the prime factors of 179945048?
2, 19, 109, 10861
List the prime factors of 1171458310.
2, 5, 11, 23, 599, 773
What are the prime factors of 14633587?
101, 144887
What are the prime factors of 89312235?
3, 5, 61, 97609
List the prime factors of 405474211.
405474211
What are the prime factors of 71732383?
71732383
What are the prime factors of 72560041?
881, 82361
List the prime factors of 27687991.
31, 893161
List the prime factors of 1548210311.
1548210311
List the prime factors of 427337526.
2, 3, 7, 11, 43, 439
What are the prime factors of 1084025807?
1084025807
List the prime factors of 59322330.
2, 3, 5, 659137
What are the prime factors of 747498166?
2, 83, 4503001
What are the prime factors of 237622891?
11, 21602081
What are the prime factors of 193798644?
2, 3, 13, 23, 54013
Wh